n base 11, what is -43a9 + 12203?
8905
In base 3, what is 2122122002101 - 211?
2122122001120
In base 12, what is 67b970 - -2?
67b972
In base 11, what is 135 + -368a1?
-36767
In base 8, what is 164144 - -2665?
167031
In base 15, what is 3 - 1a68bd6?
-1a68bd3
In base 2, what is -10101011010011 + -100110101110?
-11010010000001
In base 9, what is -44264580 + -36?
-44264626
In base 7, what is 361456 - -103?
361562
In base 16, what is -18472 + f?
-18463
In base 10, what is 285 + -2091323?
-2091038
In base 6, what is -114243 + 1425201?
1310514
In base 12, what is -22a06b8 + -2?
-22a06ba
In base 6, what is -10 + 1302534005?
1302533555
In base 6, what is -21300055 + 101?
-21255554
In base 14, what is 11330 + 67?
11397
In base 6, what is -3503 - -42212?
34305
In base 7, what is -2 - -243324331?
243324326
In base 2, what is 10100110000001100111101 + -10000?
10100110000001100101101
In base 10, what is 9 + 3973523?
3973532
In base 7, what is -2000413113 + 0?
-2000413113
In base 5, what is -1 + -3102100302?
-3102100303
In base 13, what is 755649 + 19?
755665
In base 15, what is 6 - 3a7321?
-3a731a
In base 9, what is -33 - 23857828?
-23857862
In base 4, what is 110200 - -201110302?
201221102
In base 10, what is -389572 - 37?
-389609
In base 15, what is -400 + 4e9?
e9
In base 5, what is 4414 - -413122?
423041
In base 7, what is 333662110 - 1?
333662106
In base 15, what is -d - -2806e8c?
2806e7e
In base 15, what is -3a - -41576?
4153b
In base 14, what is c00686 + 6d?
c00715
In base 16, what is -5d314 + 87?
-5d28d
In base 10, what is 38 - 85470?
-85432
In base 11, what is -1342 - -2119?
887
In base 9, what is -13 + 16733528?
16733515
In base 14, what is 17 + 359238?
359251
In base 14, what is -35 - 241d12?
-241d47
In base 13, what is -509 - -15c12?
15706
In base 14, what is -5 - -26c4b2d?
26c4b28
In base 14, what is 407d98 + 4?
407d9c
In base 3, what is 2222210021 - 10022?
2222122222
In base 3, what is 1220 - 1101002020?
-1101000100
In base 5, what is -1 - 10424421422?
-10424421423
In base 9, what is 46 - 2138718?
-2138662
In base 15, what is 3c230 - -3d?
3c26d
In base 12, what is -1a35 + 177a?
-277
In base 13, what is 1283 + 33973?
34c26
In base 6, what is 12 - 115133501?
-115133445
In base 12, what is -2 + a387133?
a387131
In base 3, what is -1002002022102 + -20?
-1002002022122
In base 15, what is -4e - 6261c?
-6266b
In base 6, what is -214401510 + -22?
-214401532
In base 14, what is 0 + 311c24c?
311c24c
In base 2, what is -111100010000000011010 - 111?
-111100010000000100001
In base 14, what is 0 + -444c04?
-444c04
In base 10, what is -581916 + 20?
-581896
In base 10, what is 2 + 130991125?
130991127
In base 3, what is 12000111010 - 102101?
12000001202
In base 2, what is 100001 + 10110100100111000100111?
10110100100111001001000
In base 13, what is -1 + -1c00cb9?
-1c00cba
In base 16, what is -3480 - -6085?
2c05
In base 11, what is -39128636 - 7?
-39128642
In base 13, what is 2 + -ca5c56?
-ca5c54
In base 15, what is c6 - -30e6?
31bc
In base 16, what is 4 - -3772e4?
3772e8
In base 12, what is -39 + 4455838?
44557bb
In base 10, what is -4331028 - 64?
-4331092
In base 9, what is 3566437 + 0?
3566437
In base 13, what is 12365 - 33?
12332
In base 14, what is c53 - -499a2?
4a815
In base 9, what is 5 - -108807?
108813
In base 9, what is -3 - 57280860?
-57280863
In base 8, what is -650316547 + -3?
-650316552
In base 5, what is 3424 + 12104?
21033
In base 3, what is 10020021021 - -11220?
10020110011
In base 5, what is -124334 - 40213100?
-40342434
In base 6, what is 3 - -3221301443?
3221301450
In base 15, what is 1930172 + -5?
193016c
In base 6, what is -141 + 244111?
243530
In base 7, what is -23430655 + -1?
-23430656
In base 8, what is 3 + 545204573?
545204576
In base 8, what is -2 - 261661130?
-261661132
In base 5, what is 21302120111 - -2?
21302120113
In base 11, what is -18 + -1388141?
-1388159
In base 6, what is 5 - -3055430314?
3055430323
In base 15, what is 78c - 4ca?
2b2
In base 11, what is 58869 + -1836?
57033
In base 10, what is -2414278 - -3?
-2414275
In base 4, what is -2 + 12302002300111?
12302002300103
In base 2, what is -1101000 + -10010111000011011?
-10010111010000011
In base 8, what is -5535642001 + -5?
-5535642006
In base 15, what is 15 - -296922?
296937
In base 14, what is bc + 98a4?
9982
In base 2, what is -11001001001111111100011110100 - 10?
-11001001001111111100011110110
In base 3, what is 22121010 - -112011?
100010021
In base 5, what is -13 - -133012112?
133012044
In base 2, what is 101000111000110001111101 - 1110?
101000111000110001101111
In base 12, what is 3a + -33b938?
-33b8ba
In base 5, what is 2 + 401203411343?
401203411400
In base 4, what is 12332211 + 1020100?
20012311
In base 11, what is 12 + 385331?
385343
In base 10, what is 299980 + 58?
300038
In base 6, what is -5 + 2403445515?
2403445510
In base 2, what is 1100000100110 - 110110000000001?
-101001111011011
In base 15, what is 1410 + -699?
c66
In base 5, what is -143 - 2030202?
-2030400
In base 8, what is 2 - 13752232?
-13752230
In base 9, what is -136004 + 2851?
-133043
In base 12, what is -3 - 8176b85?
-8176b88
In base 2, what is 1010111000 + -100111001100001?
-100101110101001
In base 8, what is -3264036473 + 3?
-3264036470
In base 8, what is 2 - -1335517213?
1335517215
In base 10, what is 223 - -10070?
10293
In base 16, what is -155b9cb6 - -5?
-155b9cb1
In base 5, what is -10321 - -4042404?
4032033
In base 6, what is -255154311 + -3?
-255154314
In base 3, what is 220100 - -10012100200?
10020021000
In base 5, what is -1414433310 - 12?
-1414433322
In base 3, what is 20020101 - -1100222?
21121100
In base 9, what is 3736 + 17151?
21887
In base 6, what is -1152040315 + 10?
-1152040305
In base 3, what is 202211211001011011 + 20?
202211211001011101
In base 4, what is -213212 - 1032210?
-1312022
In base 3, what is -1 - 120122000221011?
-120122000221012
In base 2, what is -11111010100001010010000 + 1?
-11111010100001010001111
In base 4, what is 10 + 100012313013?
100012313023
In base 5, what is 23024041 + -2000?
23022041
In base 7, what is -1443 + 2213?
440
In base 2, what is 100111111100110 + -100000010001?
100011111010101
In base 15, what is 0 + -227052?
-227052
In base 3, what is -1012100 - -102221211?
101202111
In base 8, what is 0 - -1447443?
1447443
In base 16, what is -cb01 + -61f?
-d120
In base 14, what is 86ad176 + 2?
86ad178
In base 5, what is -2131014122 + -4?
-2131014131
In base 11, what is -63 - -31410?
31358
In base 14, what is -1a + 862d0?
862b4
In base 5, what is -222240442 - 1204?
-222242201
In base 5, what is -2024 - 44222300?
-44224324
In base 3, what is 1221122002122 + 100?
1221122002222
In base 11, what is 9 + -472810?
-472802
In base 11, what is 8 + -5615a68?
-5615a60
In base 16, what is 8 + 426a57?
426a5f
In base 3, what is -1011011 - 102110200?
-110121211
In base 9, what is -1077560510 - 2?
-1077560512
In base 15, what is -e - -2c5ba2?
2c5b93
In base 4, what is -202 + -1323231103220?
-1323231110022
In base 9, what is 187812866 + 3?
187812870
In base 10, what is 6140 - -5244?
11384
In base 16, what is af5082 + -4?
af507e
In base 14, what is -32c7881 + -7?
-32c7888
In base 7, what is 6235154 - 356?
6234465
In base 6, what is 14033 - 205223?
-151150
In base 11, what is -196 - -19085?
1899a
In base 9, what is 74844 - 24?
74820
In base 3, what is 120121000022202 + 10002?
120121000102211
In base 12, what is -173796 - 1b?
-1737b5
In base 4, what is 1101301 + 32011323?
33113230
In base 10, what is 16038 + 8898?
24936
In base 7, what is 155 - 42624?
-42436
In base 12, what is 27 + -163a30b?
-163a2a4
In base 14, what is 8 - 916a0a?
-916a02
In base 12, what is 586a0a6 - 2?
586a0a4
In base 16, what is -6 + -befe79?
-befe7f
In base 12, what is -1 + 5ab759a?
5ab7599
In base 8, what is 23346 - -72?
23440
In base 3, what is 2022 + -2121022002100?
-2121022000001
In base 13, what is -55c404 + 5?
-55c3cc
In base 7, what is -1 - 50414306?
-50414310
In base 8, what is 20463317 + 0?
20463317
In base 10, what is -1 + 5152172?
5152171
In base 10, what is 20982537 - -3?
20982540
In base 8, what is -2552 - 3260?
-6032
In base 7, what is 440336341 + -6?
440336332
In base 6, what is -35044 + 1550141?
1511053
In base 13, what is 3 + 1171a6b?
1171a71
In base 2, what is -101 - 101100000110110